when 512 is divided by 48.
32
Calculate the remainder when 5380 is divided by 207.
205
What is the remainder when 78 is divided by 20?
18
What is the remainder when 149 is divided by 51?
47
What is the remainder when 473 is divided by 17?
14
Calculate the remainder when 150 is divided by 28.
10
What is the remainder when 367 is divided by 69?
22
What is the remainder when 945 is divided by 51?
27
Calculate the remainder when 926 is divided by 132.
2
Calculate the remainder when 1014 is divided by 29.
28
What is the remainder when 3106 is divided by 163?
9
What is the remainder when 5947 is divided by 34?
31
What is the remainder when 385 is divided by 97?
94
What is the remainder when 13 is divided by 8?
5
Calculate the remainder when 2022 is divided by 25.
22
What is the remainder when 1958 is divided by 70?
68
What is the remainder when 614 is divided by 31?
25
Calculate the remainder when 21 is divided by 3.
0
What is the remainder when 282 is divided by 72?
66
What is the remainder when 269 is divided by 18?
17
Calculate the remainder when 4 is divided by 1.
0
Calculate the remainder when 339 is divided by 87.
78
What is the remainder when 31 is divided by 13?
5
Calculate the remainder when 1457 is divided by 107.
66
Calculate the remainder when 335 is divided by 29.
16
Calculate the remainder when 311 is divided by 150.
11
What is the remainder when 710 is divided by 58?
14
Calculate the remainder when 2109 is divided by 35.
9
Calculate the remainder when 62 is divided by 19.
5
What is the remainder when 39 is divided by 26?
13
Calculate the remainder when 1625 is divided by 48.
41
What is the remainder when 353 is divided by 74?
57
Calculate the remainder when 2166 is divided by 219.
195
Calculate the remainder when 134 is divided by 16.
6
What is the remainder when 1031 is divided by 278?
197
Calculate the remainder when 929 is divided by 156.
149
Calculate the remainder when 226 is divided by 21.
16
Calculate the remainder when 23806 is divided by 48.
46
What is the remainder when 251 is divided by 26?
17
What is the remainder when 53 is divided by 25?
3
What is the remainder when 164 is divided by 19?
12
What is the remainder when 342 is divided by 62?
32
Calculate the remainder when 413 is divided by 157.
99
Calculate the remainder when 219 is divided by 65.
24
Calculate the remainder when 11417 is divided by 32.
25
What is the remainder when 1796 is divided by 302?
286
What is the remainder when 101 is divided by 15?
11
Calculate the remainder when 3351 is divided by 3351.
0
What is the remainder when 4437 is divided by 14?
13
What is the remainder when 834 is divided by 40?
34
Calculate the remainder when 271 is divided by 87.
10
What is the remainder when 337 is divided by 7?
1
Calculate the remainder when 12311 is divided by 24.
23
Calculate the remainder when 1059 is divided by 524.
11
Calculate the remainder when 1362 is divided by 96.
18
Calculate the remainder when 81 is divided by 27.
0
Calculate the remainder when 3787 is divided by 68.
47
What is the remainder when 175 is divided by 22?
21
Calculate the remainder when 20 is divided by 10.
0
What is the remainder when 2457 is divided by 123?
120
What is the remainder when 182 is divided by 182?
0
Calculate the remainder when 201 is divided by 30.
21
What is the remainder when 717 is divided by 18?
15
Calculate the remainder when 5253 is divided by 72.
69
What is the remainder when 1133 is divided by 42?
41
Calculate the remainder when 46 is divided by 10.
6
What is the remainder when 95 is divided by 27?
14
Calculate the remainder when 27 is divided by 26.
1
What is the remainder when 782 is divided by 261?
260
Calculate the remainder when 159 is divided by 33.
27
Calculate the remainder when 3684 is divided by 67.
66
What is the remainder when 642 is divided by 188?
78
What is the remainder when 2421 is divided by 807?
0
Calculate the remainder when 20 is divided by 15.
5
What is the remainder when 1762 is divided by 440?
2
What is the remainder when 874 is divided by 175?
174
Calculate the remainder when 156 is divided by 77.
2
Calculate the remainder when 1531 is divided by 253.
13
Calculate the remainder when 203 is divided by 23.
19
What is the remainder when 423 is divided by 325?
98
What is the remainder when 690 is divided by 226?
12
Calculate the remainder when 826 is divided by 78.
46
Calculate the remainder when 3163 is divided by 28.
27
What is the remainder when 1556 is divided by 498?
62
Calculate the remainder when 1596 is divided by 144.
12
What is the remainder when 133 is divided by 24?
13
Calculate the remainder when 52 is divided by 7.
3
Calculate the remainder when 428 is divided by 314.
114
Calculate the remainder when 319 is divided by 32.
31
What is the remainder when 691 is divided by 88?
75
What is the remainder when 527 is divided by 88?
87
Calculate the remainder when 483 is divided by 84.
63
What is the remainder when 2095 is divided by 8?
7
What is the remainder when 304 is divided by 275?
29
What is the remainder when 82 is divided by 44?
38
Calculate the remainder when 512 is divided by 54.
26
Calculate the remainder when 106 is divided by 57.
49
Calculate the remainder when 428 is divided by 75.
53
What is the remainder when 145 is divided by 19?
12
Calculate the remainder when 136 is divided by 74.
62
Calculate the remainder when 672 is divided by 27.
24
Calculate the remainder when 2529 is divided by 7.
2
Calculate the remainder when 36 is divided by 8.
4
What is the remainder when 508 is divided by 25?
8
What is the remainder when 2008 is divided by 15?
13
What is the remainder when 10 is divided by 5?
0
What is the remainder when 1209 is divided by 3?
0
Calculate the remainder when 660 is divided by 147.
72
Calculate the remainder when 225 is divided by 46.
41
What is the remainder when 378 is divided by 214?
164
Calculate the remainder when 121 is divided by 31.
28
Calculate the remainder when 4478 is divided by 28.
26
What is the remainder when 4401 is divided by 259?
257
What is the remainder when 6562 is divided by 819?
10
What is the remainder when 316 is divided by 63?
1
What is the remainder when 1148 is divided by 145?
133
Calculate the remainder when 5101 is divided by 243.
241
Calculate the remainder when 282 is divided by 29.
21
What is the remainder when 98 is divided by 2?
0
What is the remainder when 3809 is divided by 127?
126
What is the remainder when 651 is divided by 160?
11
Calculate the remainder when 771 is divided by 23.
12
Calculate the remainder when 140 is divided by 67.
6
What is the remainder when 1902 is divided by 16?
14
Calculate the remainder when 12374 is divided by 68.
66
What is the remainder when 819 is divided by 41?
40
What is the remainder when 62 is divided by 4?
2
What is the remainder when 758 is divided by 22?
10
What is the remainder when 63 is divided by 32?
31
Calculate the remainder when 493 is divided by 216.
61
Calculate the remainder when 482 is divided by 119.
6
Calculate the remainder when 49 is divided by 26.
23
Calculate the remainder when 131 is divided by 3.
2
What is the remainder when 491 is divided by 126?
113
What is the remainder when 893 is divided by 82?
73
What is the remainder when 81 is divided by 14?
11
What is the remainder when 320 is divided by 88?
56
What is the remainder when 419 is divided by 30?
29
What is the remainder when 688 is divided by 115?
113
What is the remainder when 327 is divided by 30?
27
What is the remainder when 64047 is divided by 25?
22
What is the remainder when 1111 is divided by 12?
7
What is the remainder when 1563 is divided by 36?
15
Calculate the remainder when 1422 is divided by 34.
28
Calculate the remainder when 43 is divided by 16.
11
What is the remainder when 3232 is divided by 323?
2
What is the remainder when 147 is divided by 38?
33
Calculate the remainder when 144 is divided by 29.
28
What is the remainder when 2595 is divided by 49?
47
Calculate the remainder when 55 is divided by 15.
10
Calculate the remainder when 499 is divided by 44.
15
What is the remainder when 25 is divided by 10?
5
Calculate the remainder when 3860 is divided by 161.
157
Calculate the remainder when 147 is divided by 31.
23
Calculate the remainder w